 2*b + u = 5*n, -2*b - 141 = -n. List the prime factors of n.
3, 47
Let p(m) = -35*m**3 - 3*m**2 - 7*m - 8. Let s be p(-3). Let l = -573 + s. What are the prime factors of l?
2, 179
Suppose -5*t + 90425 = -34*p + 39*p, -3*t + 54259 = 4*p. List the prime factors of t.
3, 7, 41
Suppose -10*u + 14*u = 528. Suppose -4*x = 4*j - 608, -u = -x - j + 4*j. List the prime factors of x.
3, 7
Let g(b) = 2060*b**2 + 84*b + 272. List the prime factors of g(-3).
2, 5, 29
What are the prime factors of ((-22)/(-33))/((-2)/(-462600)*4)?
2, 3, 5, 257
Let u(x) = -37*x - 35. Let p = -52 + 41. What are the prime factors of u(p)?
2, 3, 31
Suppose 59*p = -7*p + 1652178. What are the prime factors of p?
25033
Let q = 11584 + -700. List the prime factors of q.
2, 3, 907
Let d(y) = -36*y - 217. Let m(n) = 12*n + 73. Let j(b) = -2*d(b) - 7*m(b). What are the prime factors of j(-11)?
5, 11
Suppose v = -3 + 25. Let h be 798/(-4)*24/(-378)*9. Suppose 0 = -19*r + v*r - h. List the prime factors of r.
2, 19
What are the prime factors of (5 - -2072) + (7 - -10)?
2, 3, 349
Suppose 489403 - 397739 + 527776 = 30*c. List the prime factors of c.
2, 29, 89
Let f(n) = 3*n**2 - 4*n - 4. Let p be f(3). Suppose p*l = 8*l - 3. What are the prime factors of 1*(-1 + l) - (-1 + -126)?
5
Suppose -2*a - 2*a = -2*b - 10, -4*a - 5 = b. Suppose a = -h - 5*h. Let s(m) = -m**2 - 3*m + 67. List the prime factors of s(h).
67
Let l be (-26)/8 - 7/(-28) - -309. Suppose 5*a - 226 = -y, -3*y = 5*a - 422 - l. What are the prime factors of y?
251
Let w(v) be the second derivative of v**6/72 + v**5/120 - 7*v**4/12 + v**3 - 35*v. Let s(y) be the second derivative of w(y). List the prime factors of s(-5).
2, 53
Let s = -8216 - -15456. What are the prime factors of s?
2, 5, 181
Let v(p) = 2*p + 4. Let j be v(-1). Suppose -t + f = j*f + 17, 0 = 4*f + 12. Let a = t - -36. List the prime factors of a.
2, 11
Let c(h) = h**2 + 6*h + 1. Let i be c(-6). Let g be ((-30)/(-9) + -3)*(i + 5). What are the prime factors of 6*g*(-4)/(16/(-29))?
3, 29
Suppose 1 - 7 = -2*u. What are the prime factors of ((-5565)/6)/(u/(-6))?
5, 7, 53
Suppose -4*q = 1537 - 1545. Suppose -5*c = 25*s - 26*s - 3795, 4*s = -q*c + 1540. List the prime factors of c.
2, 5, 19
Suppose 2*p + u - 202 = -9, -3*p - 3*u + 297 = 0. Let r be 1*(-6)/(-3 + 1). Suppose 5*h - r*t = 444, 0*h - 2*t = h - p. List the prime factors of h.
2, 3, 5
Let t = 16 + -6. Suppose -t*h + 5*h = 140. List the prime factors of (-16)/h*798/12.
2, 19
Suppose -4*s + 60120 = 4*r, -r = -39 + 35. List the prime factors of s.
2, 11, 683
Let z(d) be the first derivative of -d**3/3 - 6*d**2 - 24*d - 15. What are the prime factors of z(-7)?
11
Let k(b) = b**3 - 3*b**2 + 2*b - 3. Let l be k(3). Let o(m) = m**2 + 5*m - 7. Let i be o(l). Suppose i = 2*h - 37. What are the prime factors of h?
3
Let m(d) = 18*d - 123. List the prime factors of m(61).
3, 5, 13
Suppose -5*z = 3*n - 161, -5*n + 17 = z - 24. Suppose -2*t = -t + 2*w - 11, -5*w - z = -4*t. Let g(h) = -h + 31. List the prime factors of g(t).
2, 11
Suppose 47*g + 929439 - 2816019 = 0. List the prime factors of g.
2, 3, 5, 223
Suppose 0 = 4*s - 9 - 7. Suppose 0*b + 20 = s*b. Let u = 84 + b. What are the prime factors of u?
89
Let i(b) = 9*b**3 - 29*b**2 - 57*b + 1143. List the prime factors of i(13).
2, 7, 1091
List the prime factors of ((-37751)/49)/((-24)/168).
5393
Let j = -227 - -254. Let b(h) = 3*h**2 - 44*h - 16. What are the prime factors of b(j)?
983
Let b(d) be the second derivative of -29*d**3/6 - 395*d**2/2 + 232*d. What are the prime factors of b(-18)?
127
Let n(p) be the second derivative of 19*p**3/2 + 109*p**2/2 + 157*p. What are the prime factors of n(9)?
2, 311
Suppose 0 = 2*k - 0*k - 680. Suppose 4*u + 432 = -2*t, -76*u + 75*u = -4*t - 846. Let j = k + t. List the prime factors of j.
2
Let p = -326 + 332. List the prime factors of (p/(-15))/((-3)/(467 + -2)).
2, 31
Let i(o) = o**2 - 956 + 1802 - 854. Let p be (-1)/2*(1 - 19). What are the prime factors of i(p)?
73
List the prime factors of 12800*((-171)/18)/(-19).
2, 5
Let n = -709 + 691. Let l = n + 744. What are the prime factors of l?
2, 3, 11
What are the prime factors of (-20)/30*161217/(-14)?
3, 853
Suppose 0 = 3*v + 4*c - c + 3, -c = 5*v - 15. Let o be (v/3)/((-2)/(-9)). Let p(j) = 17*j - 38. What are the prime factors of p(o)?
2
Let x = 1 - -3. Suppose -9*i = -115 + 115. Suppose 3*q + 5 = r, -3*r + x*q + 29 - 4 = i. List the prime factors of r.
11
Let j(t) = -70*t**3 + 9*t**2 + 25*t + 4. What are the prime factors of j(-4)?
2, 283
Let i = -254 + 277. Suppose 2922 = i*b - 20*b - 3*q, -4*q + 3872 = 4*b. What are the prime factors of b?
971
Suppose -5*d + 29395 = 484*h - 480*h, -5*h + 36728 = 4*d. What are the prime factors of h?
2, 5, 367
Let l = 16697 + -10963. List the prime factors of l.
2, 47, 61
List the prime factors of (1/4)/(108/(-3024))*(-20730)/7.
2, 3, 5, 691
List the prime factors of (240 - 19)*1*222.
2, 3, 13, 17, 37
Let n = 1996 + -834. List the prime factors of n.
2, 7, 83
Suppose -4*m + 2*o + 222800 = 0, -3*o = -4*m + 2*o + 222818. List the prime factors of m.
55697
Let l = -608 - -333. Let s = 294 + l. List the prime factors of s.
19
Let k(i) = -16*i - 1. Let p(t) = -16*t. Suppose 0 = w - 4*m - 14, 0 = 3*w - w - 4*m - 8. Let n(y) = w*k(y) + 5*p(y). List the prime factors of n(1).
2, 11
Let n(y) be the third derivative of y**5/30 + y**4/24 + y**3 - y**2. Suppose 0 = -7*z + 10*z - 9. What are the prime factors of n(z)?
3
Suppose 0 = -1327*r + 1372*r - 431100. What are the prime factors of r?
2, 5, 479
Suppose -54*s - 13 = -57*s - 2*g, 2*s = 2*g + 12. Let f(a) be the third derivative of -a**4/24 + 5*a**3/2 + a**2. What are the prime factors of f(s)?
2, 5
Let o(u) = 20*u**2 - 5*u + 1. Let h(b) = -38*b**2 + 10*b - 1. Let c(l) = 3*h(l) + 7*o(l). What are the prime factors of c(2)?
2, 7
Suppose -37*u = 6*u + 8712 - 49906. List the prime factors of u.
2, 479
Let x(o) = 187*o**2 - 58*o + 775. What are the prime factors of x(11)?
2, 3, 7, 271
Suppose 3*a + 16 = -2. Let u be (375/a)/(6/(-12)). What are the prime factors of 0 + (u - (-4 + 1 - -3))?
5
Suppose 754*w - 751*w - 65220 = 3*a, 3*w - 65226 = a. List the prime factors of w.
17, 1279
Let j(l) = -2*l**2 + 21*l - 15. Let r be j(9). Suppose r*b = 24*b - 8736. List the prime factors of b.
2, 7, 13
Let g(y) = 492*y - 1232. What are the prime factors of g(92)?
2, 43
Suppose 6*x - 96 = 2*x + 4*h, 0 = -5*h + 10. Suppose 39*l - 16328 = x*l. List the prime factors of l.
2, 157
Suppose -5*v + 314 = -7*v. Let i = 138 - v. List the prime factors of i.
5, 59
What are the prime factors of 0 + 44/4 + -9 + 8985?
11, 19, 43
Suppose -254*l = -130*l - 1818832. What are the prime factors of l?
2, 19, 193
Let h be 2/(5/((-100)/(-8)))*298. Suppose 4*q - 4*b - b = 1989, 3*q - h = 2*b. List the prime factors of q.
2, 31
List the prime factors of (-19 + 24919 - -6) + 13.
24919
Let s be 654/10 - 18/45. Suppose 7 = -v + s. What are the prime factors of v + 0/(-1 - -3)?
2, 29
Let s = -5810 + 11817. What are the prime factors of s?
6007
Let x be (-8)/3*810/(-72). List the prime factors of (-1615)/(-3) + 10/x*-1.
2, 269
Let d = 5886 - -675. What are the prime factors of d?
3
List the prime factors of ((-53)/(2650/50840))/(1/(-15)).
2, 3, 31, 41
Let s = 2182 + -1972. What are the prime factors of s?
2, 3, 5, 7
Suppose -4*z + 3*o = -142284, 2*z - 70*o + 68*o = 71140. List the prime factors of z.
2, 3, 7, 11
Let f(g) = 145*g - 166. Let y be f(5). Let n = y - 333. List the prime factors of n.
2, 113
Let y(v) = 3*v**3 - 5*v**2 - 6*v - 3. Let h be 5/(-2)*(-70)/25. Suppose 3*q + h = 22. What are the prime factors of y(q)?
7, 31
Suppose 105 = 172*n - 165*n. Suppose 8*t - n*t = -2681. What are the prime factors of t?
383
Let o = -3675 + 11557. What are the prime factors of o?
2, 7, 563
Suppose 0 = 23*v - 53 + 7. Suppose 2*i = v*y + 892 + 134, 5*y = 15. What are the prime factors of i?
2, 3, 43
Let y(p) = 3*p**2 - p - 1581. Let b be y(0). List the prime factors of b/(-6) + 15/6.
2, 7, 19
Let k = 12030 + 26064. What are the prime factors of k?
2, 3, 7, 907
Suppose 0 = 9*r - 20*r + 660. List the prime factors of r + 20/8*2.
5, 13
Let f = -23877 - -41512. List the prime factors of f.
5, 3527
Suppose -28*l + 40*l = 7500. Let m = 1764 - l.